p - 435 = w. Is p prime?
False
Suppose 25*r - 14*r - 3465 = 0. Suppose 0 = 5*v - 8800 - r. Is v prime?
True
Suppose -32*c = -40*c + 96592. Is c a composite number?
True
Suppose 2*n + 18058 = 3*q + 5719, -4*q - 2*n + 16438 = 0. Is q prime?
True
Let d = 101 + -99. Suppose 2*y + a = 263, y + 0*y - d*a = 139. Is y a prime number?
False
Suppose 2*w + 3 = 9. Suppose -w*i = -2*i - 1. Is 1326/18 - i/(-3) composite?
True
Let v = -105 - -100. Is (2 - v - -2122)*(0 - -1) a prime number?
True
Suppose -14*n + 33*n - 1100005 = 0. Is n a prime number?
False
Suppose -864 = -4*q + 8*q. Let t = q - -547. Is t prime?
True
Let m(r) = 2*r - 2. Let d be m(3). Let o be -2*(2/5 + 95/(-50)). Suppose s = -d*i + 227, s + 442 = o*s + 5*i. Is s composite?
False
Suppose -197044 = -25*i + 53881. Is i composite?
False
Suppose 169 = -q + 790. Suppose 4*n - 5150 + 1438 = 0. Let u = n - q. Is u prime?
True
Is 4/(-14) + 7209033/413 a prime number?
False
Let j(n) = -2661*n**2 - 2*n + 1. Let s be j(1). Let x = s - -4979. Is x a composite number?
True
Suppose 0 = i + 2*o - 47 + 569, 5*i + 5*o = -2600. Let l = i + 1007. Is l a composite number?
True
Suppose 5*t - b = -1116, -3*t + t + 5*b = 428. Is 1*(3 - 4) - t a composite number?
False
Suppose 72576 + 889 = 5*b + w, 0 = -3*w. Is b composite?
True
Let r = 259 - 480. Let x = r + 1582. Is x a prime number?
True
Let g = 33 + -59. Let o = g - 56. Let s = o + 293. Is s a composite number?
False
Is 14111*(-3)/(-6) + 120/80 prime?
True
Suppose 21*k = 15*k + 2694. Is k composite?
False
Let g(c) = 3*c**2 + 6*c + 19. Let z = -59 - -67. Is g(z) a prime number?
False
Let t be (-1*8)/(6 - 7). Suppose 5*q = q - t. Is (1/(-2))/(q/316) a composite number?
False
Let h(n) be the third derivative of -28*n**4/3 - n**3/2 - n**2. Let k(g) = -4*g**2 - 15*g + 2. Let f be k(-4). Is h(f) composite?
True
Let s be (1 - -2)/(18/24). Suppose -s = -5*g - 24, -u - 3*g - 540 = 0. Let f = u - -787. Is f a composite number?
True
Let z(t) = -72*t - 131. Is z(-21) prime?
True
Let j = -15 - -17. Let i be (-1 + 11/2)*j. Suppose 2*v - 651 = -i. Is v prime?
False
Let w(r) = 6 - 9*r**2 + r**3 + r - 4*r + 0*r + 4*r. Is w(9) a composite number?
True
Is 56/(-7) + 2 - -425 a composite number?
False
Let x(f) be the second derivative of 35*f**4/12 - 13*f**3/6 - 5*f**2/2 + f. Suppose 0 = 2*m - 73 + 87. Is x(m) a prime number?
True
Let t(w) = -2*w**2 + 36*w - 125. Let o be t(13). Let s = 960 + -44. Suppose 5351 = o*g + s. Is g prime?
True
Let k(f) = 140*f + 39. Suppose -5*p - 2*o + 9 = -1, -3*p - 2*o = -2. Is k(p) prime?
True
Let x = 369 - -141. Let i be (-138)/4*x/(-45). Suppose -98 = -3*m + i. Is m composite?
False
Suppose -2*n + 7 = -3. Let k be (-9)/3*10/(-6). Suppose -4*q + 1151 = -2*v + n*v, 3*v + 1432 = k*q. Is q a prime number?
False
Suppose 4*k = -5*n + 65027, 2*k + 4*n = 5*k - 48747. Is k a composite number?
False
Let s(w) = -29*w + 29. Let l be s(8). Let h = -72 - l. Is h a composite number?
False
Let r = -49028 - -82177. Is r a prime number?
True
Let d(z) = z**3 + 2*z**2 - 2*z - 1. Let j be d(-2). Suppose j*r - 4 - 2 = 0. Suppose r*o + o = 231. Is o prime?
False
Suppose -15*b = -219373 - 111392. Is b a prime number?
True
Suppose -11*i + 15*i = 18484. Is i composite?
False
Suppose 0 = -2*y - 6*y + 8336. Is y a prime number?
False
Suppose -598 - 708 = -2*f. Suppose -3*c - a = -2462, 3*c - 1815 - f = 5*a. Is c a prime number?
True
Let b(x) = -1 + 22*x - 79*x + 7*x. Is b(-1) a prime number?
False
Let y = 244 - -654. Suppose s = -s - 4*b + y, 5*s - 2259 = 4*b. Is s a composite number?
True
Suppose 0 = 2*b - 5 - 3. Suppose -b*t - 2*w = -34, -6*t - 2*w + 45 = -t. Is t composite?
False
Let l = 35 + -14. Let q = -41 + l. Let z = 231 - q. Is z composite?
False
Suppose 6*t - t = 5*j - 5, 3*t = -j - 3. Is ((-1)/(-3) + t)*(-4041)/6 composite?
False
Let n(d) = 6*d**2 + 4*d + 5. Let x be n(-4). Suppose 0 = -3*v + 4*b - 217, v + x = -b - 4*b. Is 2*v/(-3) + -3 a prime number?
True
Let t(m) = 2 + 1516*m - 1558*m - 1. Is t(-3) a composite number?
False
Let k(o) be the first derivative of -224*o**2 + 9*o - 6. Is k(-4) a prime number?
True
Suppose 27*p = 18*p + 522. Is p a composite number?
True
Is 3/2 + 180165/30 composite?
False
Suppose -2*p + 4*m - 496 = 556, 3*m = 2*p + 1049. Let c = 520 - -251. Let b = p + c. Is b prime?
True
Let i(g) = -2*g - 33. Let y be i(-16). Is y*((-2406)/24)/(3/12) composite?
False
Is (3 + (-4)/(-3))*22803/11 composite?
True
Let u(y) = -y**3 - 5*y**2 + 3*y - 6. Let a be u(-6). Suppose -a = -5*s - 4*m + 44, -3*m + 9 = s. Is 3/s - (-2895)/20 composite?
True
Let q = -208 - -143. Let l be 1/(-3) - q/15. Is (-670)/l*6/(-5) prime?
False
Is 12249*1 - (-15 + 13) prime?
True
Let i(l) = 169*l**2 - 12*l + 66. Is i(4) composite?
True
Suppose -3 - 6 = 3*n. Let d(c) = c**3 + 4*c**2 + 3*c - 2. Let g be d(n). Is ((-1)/(-2))/(g/(-188)) composite?
False
Suppose -4*o = i - 82961, 0 = -2*o - 2*i + 31974 + 9502. Is o prime?
False
Let i = -2511 + 9962. Is i prime?
True
Let w(y) = -y**2 + y - 1. Let n be w(2). Let s(m) = m - 5*m + 4*m + m + 4*m**2 + 4. Is s(n) prime?
True
Let f(t) = 18*t**2 - 7*t + 68. Is f(13) a prime number?
True
Let b be (-4)/(-8)*177*4. Suppose -10*t + 2216 + b = 0. Is t a prime number?
True
Suppose -72*a + 78*a = 27282. Is a a composite number?
False
Suppose -15*f + 7*f + 1288 = 0. Let j be (38/4)/(2/48). Let d = j - f. Is d a prime number?
True
Suppose 12*w - 5*k = 7*w + 88920, 2 = -2*k. Is w composite?
False
Let f be 2 - (2/1 + 0). Suppose f = -5*c + 3*c + 4. Suppose c*g - 418 = -0*g. Is g prime?
False
Let r(n) = -n**3 - 40*n**2 - 4*n + 177. Is r(-40) a prime number?
True
Let q(l) be the second derivative of l**4/12 - 5*l**3/3 + 9*l**2/2 - 9*l. Let v be q(9). Suppose v = -2*k - 5*s + 324, 3*s + s = 4*k - 620. Is k prime?
True
Suppose l - 782 = 387. Suppose r + 424 - l = 0. Is r a composite number?
True
Let i(s) = 2*s - 3*s + 7*s**3 + 3*s - 6 + 8*s**2 - 4*s. Is i(5) a prime number?
False
Let k = -28 + 28. Suppose -4*w + 255 = 3*z, 2*w + 0*w = k. Is z a prime number?
False
Is (-12)/4 - 14420/(-10 + 5) composite?
True
Let k(w) = w**2 - 8*w + 1. Let r be k(6). Let i(f) = -f**3 - 7*f**2 + 3*f - 12. Is i(r) a composite number?
False
Let u(z) = 11*z + 1. Let a(b) = -23*b - 3. Let k(d) = -2*a(d) - 5*u(d). Suppose 2*q = -3*n, 0 = n - 4*q + 14 - 0. Is k(n) composite?
False
Let v(h) be the third derivative of h**5/6 + h**4/8 - 5*h**3/6 + 12*h**2 - 2*h. Let w(z) = -3*z. Let b be w(-1). Is v(b) a composite number?
True
Let z(y) = 130*y**3 - 3*y**2 + 12*y - 57. Is z(4) a composite number?
False
Suppose -5*g = 3*t - 12, 1 - 3 = 2*t. Let n be ((-43)/(-2) - g)*10. Is n*(-3 - -3 - -1) composite?
True
Suppose -3*t = 12, 5*g - 14981 = 3*t + 14486. Is g a composite number?
True
Suppose -8*a - 10911 = -v - 6*a, -4*a = 2*v - 21790. Is v a composite number?
False
Suppose 0 = 13*o - 8*o - 10. Suppose 3*v = 3*u - u + 50, o*v - 5*u = 48. Is v a prime number?
False
Is 66/594 - 5341/9*-2 composite?
False
Let f(h) = h**3 - 19*h**2 + 26*h - 43. Is f(30) prime?
False
Suppose 4*t - 5*g - 2686 = 0, 4*g = -3*t + 2773 - 774. Suppose 3*k + k = d + t, 3*k = -3*d + 483. Is k a composite number?
True
Let n = 22924 - 10221. Is n a composite number?
False
Let m(t) be the third derivative of t**5/6 - 3*t**4/8 - 2*t**3 - 24*t**2. Is m(-7) composite?
False
Suppose -3*h + 4082 = -574. Let j = 4707 - h. Is j composite?
True
Let d(a) = a**3 + 27*a**2 + a + 32. Let u be d(-27). Suppose 2*c = 8, 13 + 19 = 5*g + 3*c. Suppose 0 = g*b - u*m - 121, b + 2*m = -3*m + 49. Is b prime?
False
Let h = 83 + -33. Let x be 1 + h + 4/(-1). Suppose -91 = -4*v + 3*c, 2*v + v = -2*c + x. Is v prime?
True
Suppose -5*c + 5*p + 5390 = 0, 4347 = 2*c + 2*c + 3*p. Let z = 1828 - c. Is z a composite number?
True
Let s = -88 + 44. Let b = 153 + s. Is b prime?
True
Suppose -3*m + 25 - 19 = 0. Suppose 5*a - 84 = -r - 0*a, m*r - 177 = -a. Is r prime?
True
Let v(a) = 88*a + 261. Is v(37) a composite number?
False
Suppose 0 = -3*u - 3*s + 72, 0*s + 2*s = 4. Let y = u + -19. Is y composite?
False
Let r(q) = -q**3 + 9*q**2 + 1. Let a be r(9). Is (-2302)/(-6)*(4 - a) a composite number?
False
Suppose 4*g - 1564 - 640 = 0. Is g a prime number?
False
Let a be (-1)/(-3) + 266/57. Suppose -a*w + 895 = 2*s, -5*s - 339 = -2*w - 2*s. Is w prime